{"id":726,"date":"2025-05-14T09:18:31","date_gmt":"2025-05-14T13:18:31","guid":{"rendered":"http:\/\/proreitoria.uea.edu.br\/proplan\/?page_id=726"},"modified":"2025-12-04T09:29:03","modified_gmt":"2025-12-04T13:29:03","slug":"crh-formularios","status":"publish","type":"page","link":"http:\/\/proreitoria.uea.edu.br\/proplan\/?page_id=726","title":{"rendered":"CRH \u2013 Formul\u00e1rios"},"content":{"rendered":"\n<div class=\"wp-block-stackable-columns alignfull stk-block-columns stk-block stk-51b2b12 stk-block-background stk--has-background-overlay\" data-block-id=\"51b2b12\"><style>.stk-51b2b12 {background-image:url(http:\/\/proreitoria.uea.edu.br\/proplan\/wp-content\/uploads\/2025\/12\/bg_proplan_desktop1.png) !important;padding-top:300px !important;padding-bottom:200px !important;margin-bottom:0px !important;}.stk-51b2b12-column{--stk-column-gap:35px !important;}@media screen and (max-width:999px){.stk-51b2b12 {background-image:url(http:\/\/proreitoria.uea.edu.br\/proplan\/wp-content\/uploads\/2025\/12\/bg_proplan_tablet2.png) !important;}}@media screen and (max-width:689px){.stk-51b2b12 {background-image:url(http:\/\/proreitoria.uea.edu.br\/proplan\/wp-content\/uploads\/2025\/12\/bg_proplan_mobile7.png) !important;padding-top:150px !important;padding-bottom:150px !important;}}<\/style><div class=\"stk-row stk-inner-blocks stk-block-content stk-content-align stk-51b2b12-column\">\n<div class=\"wp-block-stackable-column stk-block-column stk-column stk-block stk-5a49b27\" data-v=\"4\" data-block-id=\"5a49b27\"><div class=\"stk-column-wrapper stk-block-column__content stk-container stk-5a49b27-container stk--no-background stk--no-padding\"><div class=\"stk-block-content stk-inner-blocks stk-5a49b27-inner-blocks\">\n<div class=\"wp-block-stackable-heading stk-block-heading stk-block-heading--v2 stk-block stk-de45349\" id=\"crh-formularios\" data-block-id=\"de45349\"><style>.stk-de45349 .stk-block-heading__text{color:#fffffe !important;}<\/style><h2 class=\"stk-block-heading__text has-text-color has-text-align-center\">CRH \u2013 Formul\u00e1rios<\/h2><\/div>\n<\/div><\/div><\/div>\n<\/div><\/div>\n\n\n\n<div class=\"wp-block-stackable-spacer stk-block-spacer stk--no-padding stk-block stk-d9c80c3\" data-block-id=\"d9c80c3\"><style>.stk-d9c80c3 {height:140px !important;}<\/style><\/div>\n\n\n\n<div class=\"wp-block-stackable-columns aligncenter stk-block-columns stk-block stk-23aa5c0 stk-block-background alignfull\" data-block-id=\"23aa5c0\"><style>.stk-23aa5c0 {background-color:#ffffff !important;overflow:hidden !important;margin-bottom:0px !important;}.stk-23aa5c0:hover{background-color:#ffffff !important;}.stk-23aa5c0:before{background-color:#ffffff !important;}.stk-23aa5c0:hover:before{background-color:#ffffff !important;}<\/style><div class=\"stk-row stk-inner-blocks stk-block-content stk-content-align stk-23aa5c0-column\">\n<div class=\"wp-block-stackable-column stk-block-column stk-column stk-block stk-03a110b\" data-v=\"4\" data-block-id=\"03a110b\"><style>.stk-03a110b-inner-blocks{align-items:flex-start !important;}.stk-03a110b {padding-top:40px !important;}.stk-03a110b-container{overflow:hidden !important;box-shadow:none !important;max-width:60% !important;min-width:auto !important;padding-top:0px !important;padding-right:0px !important;padding-bottom:0px !important;padding-left:0px !important;margin-right:auto !important;margin-left:auto !important;}@media screen and (max-width:689px){.stk-03a110b-container{max-width:1500px !important;min-width:auto !important;}}<\/style><div class=\"stk-column-wrapper stk-block-column__content stk-container stk-03a110b-container stk-hover-parent\"><div class=\"stk--column-flex stk-block-content stk-inner-blocks stk-03a110b-inner-blocks\">\n<div class=\"wp-block-stackable-spacer stk-block-spacer stk--no-padding stk-block stk-baac13f\" data-block-id=\"baac13f\"><style>.stk-baac13f {height:30px !important;}<\/style><\/div>\n\n\n\n<p><strong>INFORMATIVO SODEXO \u2013 2020<\/strong><\/p>\n\n\n\n<p><a href=\"http:\/\/proreitoria.uea.edu.br\/proplan\/wp-content\/uploads\/2025\/05\/Comunicacao-Sodexo-_-2020.pdf\" data-type=\"link\" data-id=\"http:\/\/proreitoria.uea.edu.br\/proplan\/wp-content\/uploads\/2025\/05\/Comunicacao-Sodexo-_-2020.pdf\" target=\"_blank\" rel=\"noreferrer noopener\">Informativo Sodexo \u2013 2020 (Calend\u00e1rio)<\/a><\/p>\n\n\n\n<p><strong>F\u00c9RIAS<\/strong><\/p>\n\n\n\n<p><a href=\"http:\/\/proplan.uea.edu.br\/wp-content\/uploads\/sites\/7\/2019\/02\/Requerimento-de-F%c3%a9rias-exerc%c3%adcio-Atual-e-Anterior.docx\">Formul\u00e1rio de F\u00e9rias exerc\u00edcio Atual e Anterior<\/a><\/p>\n\n\n\n<p><a href=\"http:\/\/proplan.uea.edu.br\/wp-content\/uploads\/sites\/7\/2019\/03\/REQ_-ALTERA%c3%87%c3%83O-DE-FERIAS.docx\">Formul\u00e1rio de Altera\u00e7\u00e3o de F\u00e9rias<\/a><\/p>\n\n\n\n<p><a href=\"http:\/\/proreitoria.uea.edu.br\/proplan\/wp-content\/uploads\/2025\/05\/folga-eleitoral.pdf\" data-type=\"link\" data-id=\"http:\/\/proreitoria.uea.edu.br\/proplan\/wp-content\/uploads\/2025\/05\/folga-eleitoral.pdf\" target=\"_blank\" rel=\"noreferrer noopener\">Requerimento de Folga para Trabalho Eleitoral<\/a><\/p>\n\n\n\n<hr class=\"wp-block-separator has-alpha-channel-opacity\"\/>\n\n\n\n<p><strong>FOLHAS DE FREQU\u00caNCIAS<\/strong><\/p>\n\n\n\n<p><a href=\"http:\/\/proplan.uea.edu.br\/wp-content\/uploads\/sites\/7\/2019\/02\/Folha-de-Frequ%c3%aancia-Administrativo.docx\">Folha de Frequ\u00eancia&nbsp; \u2013 Administrativo<\/a><\/p>\n\n\n\n<p><a href=\"http:\/\/proplan.uea.edu.br\/wp-content\/uploads\/sites\/7\/2019\/02\/Formul%c3%a1rio-de-Frequ%c3%aancia-Professor.docx\">Folha de Frequ\u00eancia \u2013 Professor<\/a><\/p>\n\n\n\n<hr class=\"wp-block-separator has-alpha-channel-opacity\"\/>\n\n\n\n<p><strong>ESTAGI\u00c1RIO<\/strong><\/p>\n\n\n\n<p><a href=\"http:\/\/proplan.uea.edu.br\/wp-content\/uploads\/sites\/7\/2019\/02\/MODELO-DE-FOLHA-DE-FREQU%c3%8aNCIA-ESTAGI%c3%81RIO.doc\">Folha de Frequ\u00eancia \u2013 Estagi\u00e1rio<\/a><\/p>\n\n\n\n<p><a href=\"http:\/\/proplan.uea.edu.br\/wp-content\/uploads\/sites\/7\/2019\/12\/Ficha-de-Cadastro-Para-N%c3%advel-Superior-6-Horas..docx\" target=\"_blank\" rel=\"noreferrer noopener\">Ficha de Cadastro Para N\u00edvel Superior \u2013 6 Horas<\/a><\/p>\n\n\n\n<p><a href=\"http:\/\/proplan.uea.edu.br\/wp-content\/uploads\/sites\/7\/2019\/12\/Ficha-de-Cadastro-Para-N%c3%advel-M%c3%a9dio-4-Horas..docx\" target=\"_blank\" rel=\"noreferrer noopener\">Ficha de Cadastro Para N\u00edvel M\u00e9dio \u2013 4 Horas<\/a><\/p>\n\n\n\n<p><a href=\"http:\/\/proplan.uea.edu.br\/wp-content\/uploads\/sites\/7\/2019\/12\/Ficha-de-Cadastro-Para-N%c3%advel-Superior-4-Horas..docx\" target=\"_blank\" rel=\"noreferrer noopener\">Ficha de Cadastro Para N\u00edvel Superior \u2013 4 Horas<\/a><\/p>\n\n\n\n<p><a href=\"http:\/\/proplan.uea.edu.br\/wp-content\/uploads\/sites\/7\/2019\/12\/Ficha-de-abertura-de-O.E..docx\" target=\"_blank\" rel=\"noreferrer noopener\">Ficha de abertura de O.E.<\/a><\/p>\n\n\n\n<p><a href=\"http:\/\/proplan.uea.edu.br\/wp-content\/uploads\/sites\/7\/2019\/02\/TABELA-DE-DURA%c3%87%c3%83O-E-CALCULO-DO-RECESSO_.doc\">Tabela de Dura\u00e7\u00e3o e C\u00e1lculo do Recesso \u2013 Est\u00e1gio<\/a><\/p>\n\n\n\n<p><a href=\"http:\/\/proplan.uea.edu.br\/wp-content\/uploads\/sites\/7\/2019\/02\/VALORES-REMUNERA%c3%87%c3%83O-DE-EST%c3%81GIO.docx\">Valores de Bolsa Estagi\u00e1rio<\/a><\/p>\n\n\n\n<hr class=\"wp-block-separator has-alpha-channel-opacity\"\/>\n\n\n\n<p><strong>ALTERA\u00c7\u00c3O&nbsp; CARGA HOR\u00c1RIA<\/strong><\/p>\n\n\n\n<p><a href=\"http:\/\/proreitoria.uea.edu.br\/proplan\/wp-content\/uploads\/2025\/05\/ANEXO-I-PORTARIA-744-MODIFICACAO-DE-CARGA-HORARIA.pdf\" data-type=\"link\" data-id=\"http:\/\/proreitoria.uea.edu.br\/proplan\/wp-content\/uploads\/2025\/05\/ANEXO-I-PORTARIA-744-MODIFICACAO-DE-CARGA-HORARIA.pdf\">Altera\u00e7\u00e3o de Carga Hor\u00e1ria \u2013 anexo I<\/a><\/p>\n\n\n\n<p><a href=\"http:\/\/proreitoria.uea.edu.br\/proplan\/wp-content\/uploads\/2025\/05\/ANEXO-II-PORTARIA-744-MODIFICACAO-DE-CARGA-HORARIA.pdf\" data-type=\"link\" data-id=\"http:\/\/proreitoria.uea.edu.br\/proplan\/wp-content\/uploads\/2025\/05\/ANEXO-II-PORTARIA-744-MODIFICACAO-DE-CARGA-HORARIA.pdf\">Altera\u00e7\u00e3o de Carga Hor\u00e1ria \u2013 anexo II<\/a><\/p>\n\n\n\n<p><a href=\"http:\/\/proplan.uea.edu.br\/wp-content\/uploads\/sites\/7\/2019\/02\/Altera%c3%a7%c3%a3o-de-Horario.docx\">Formul\u00e1rio de Altera\u00e7\u00e3o de Hor\u00e1rio<\/a><\/p>\n\n\n\n<hr class=\"wp-block-separator has-alpha-channel-opacity\"\/>\n\n\n\n<p><strong>DOCUMENTOS ADMISSIONAIS<\/strong><\/p>\n\n\n\n<p><a href=\"http:\/\/proreitoria.uea.edu.br\/proplan\/wp-content\/uploads\/2025\/05\/LISTA-DE-DOCUMENTOS-ADMISSIONAIS-_COMISSIONADOS.pdf\" data-type=\"link\" data-id=\"http:\/\/proreitoria.uea.edu.br\/proplan\/wp-content\/uploads\/2025\/05\/LISTA-DE-DOCUMENTOS-ADMISSIONAIS-_COMISSIONADOS.pdf\">Lista de Exames e Documentos Admissionais Comissionados<\/a><\/p>\n\n\n\n<p><a href=\"http:\/\/proreitoria.uea.edu.br\/proplan\/wp-content\/uploads\/2025\/05\/LISTA-DE-EXAMES-E-DOCUMENTOS-UEA_PROF-EFETIVOS.pdf\">Lista de Exames e Documentos Admissionais Professor<\/a><\/p>\n\n\n\n<hr class=\"wp-block-separator has-alpha-channel-opacity\"\/>\n\n\n\n<p><strong>DECLARA\u00c7\u00d5ES<\/strong><\/p>\n\n\n\n<p><a href=\"http:\/\/proplan.uea.edu.br\/wp-content\/uploads\/sites\/7\/2019\/07\/DECLARA%c3%87%c3%83O-DE-VINCULOS_formulario.doc\" target=\"_blank\" rel=\"noreferrer noopener\">Declara\u00e7\u00e3o de V\u00ednculos<\/a><\/p>\n\n\n\n<p><a href=\"http:\/\/proreitoria.uea.edu.br\/proplan\/wp-content\/uploads\/2025\/05\/DECLARACAO-DE-CARGOS-E-EMPREGOS.pdf\" data-type=\"link\" data-id=\"http:\/\/proreitoria.uea.edu.br\/proplan\/wp-content\/uploads\/2025\/05\/DECLARACAO-DE-CARGOS-E-EMPREGOS.pdf\">Declara\u00e7\u00e3o de Cargos e Empregos P\u00fablicos<\/a><\/p>\n\n\n\n<p><a href=\"http:\/\/proplan.uea.edu.br\/wp-content\/uploads\/sites\/7\/2019\/02\/DECLARA%c3%87AO-DE-BENS.doc\">Declara\u00e7\u00e3o de Bens<\/a><\/p>\n\n\n\n<p><a href=\"http:\/\/proreitoria.uea.edu.br\/proplan\/wp-content\/uploads\/2025\/05\/DECLARACAO-DE-PARENTESCO.pdf\" data-type=\"link\" data-id=\"http:\/\/proreitoria.uea.edu.br\/proplan\/wp-content\/uploads\/2025\/05\/DECLARACAO-DE-PARENTESCO.pdf\">Declara\u00e7\u00e3o de Parentesco<\/a><\/p>\n\n\n\n<hr class=\"wp-block-separator has-alpha-channel-opacity\"\/>\n\n\n\n<p><strong>FORMUL\u00c1RIOS DE LICEN\u00c7AS<\/strong><\/p>\n\n\n\n<p><a href=\"http:\/\/proplan.uea.edu.br\/wp-content\/uploads\/sites\/7\/2019\/02\/LIP-NOVO-FORMULARIO.docx\">Lip Novo Fomul\u00e1rio<\/a><\/p>\n\n\n\n<p><a href=\"http:\/\/proplan.uea.edu.br\/wp-content\/uploads\/sites\/7\/2019\/02\/LICEN%c3%87A-ESPECIAL-NOVO-FORMULARIO_-PROFESSOR.docx\">Licen\u00e7a Especial Novo Formul\u00e1rio \u2013&nbsp;Professor<\/a><\/p>\n\n\n\n<p><a href=\"http:\/\/proplan.uea.edu.br\/wp-content\/uploads\/sites\/7\/2019\/02\/LICEN%c3%87A-ESPECIAL-NOVO-FORMULARIO-T%c3%89CNICO-ADMINISTRATIVO.docx\">Licen\u00e7a Especial Novo Formul\u00e1rio \u2013 T\u00e9cnico Administrativo<\/a><\/p>\n\n\n\n<hr class=\"wp-block-separator has-alpha-channel-opacity\"\/>\n\n\n\n<p><strong>GRATIFICA\u00c7\u00c3O DE CURSO<\/strong><\/p>\n\n\n\n<p><a href=\"http:\/\/proplan.uea.edu.br\/wp-content\/uploads\/sites\/7\/2019\/04\/DOCUMENTOS-GRATIFICA%c3%87%c3%83O-DE-CURSO.docx\" target=\"_blank\" rel=\"noreferrer noopener\">Documentos&nbsp; Necess\u00e1rios para Instru\u00e7\u00e3o do Processo \u2013 Gratifica\u00e7\u00e3o de Curso (<em><strong>T\u00e9cnicos Administrativos<\/strong><\/em>)<\/a><\/p>\n\n\n\n<p><a href=\"http:\/\/proplan.uea.edu.br\/wp-content\/uploads\/sites\/7\/2019\/06\/Requerimento-Gratifica%c3%a7%c3%a3o-de-Curso_2019.doc\" target=\"_blank\" rel=\"noreferrer noopener\">Requerimento \u2013 Gratifica\u00e7\u00e3o de Curso \u2013 2019<\/a><\/p>\n\n\n\n<hr class=\"wp-block-separator has-alpha-channel-opacity\"\/>\n\n\n\n<p><strong>OUTROS<\/strong><\/p>\n\n\n\n<p><a href=\"http:\/\/proreitoria.uea.edu.br\/proplan\/wp-content\/uploads\/2025\/05\/Junta-medica.pdf\" data-type=\"link\" data-id=\"http:\/\/proreitoria.uea.edu.br\/proplan\/wp-content\/uploads\/2025\/05\/Junta-medica.pdf\">Junta M\u00e9dica (Este formul\u00e1rio dever\u00e1 ser preenchido e assinado pelo Chefe Imediato e apresentado os documentos solicitados)<\/a><\/p>\n\n\n\n<p><a href=\"http:\/\/proplan.uea.edu.br\/wp-content\/uploads\/sites\/7\/2019\/02\/Atualiza%c3%a7%c3%a3o-Cadastral.docx\">Atualiza\u00e7\u00e3o Cadastral (Ap\u00f3s o preenchimento da altera\u00e7\u00e3o cadastral, anexar o comprovante e encaminhar a Coordenadoria de Recursos Humanos)<\/a><\/p>\n\n\n\n<p><a href=\"http:\/\/proplan.uea.edu.br\/wp-content\/uploads\/sites\/7\/2019\/02\/Requerimento-de-Adiantamento-50-do-13%c2%b0-sal%c3%a1rio.docx\">Requerimento de Adiantamento 50% do 13\u00ba sal\u00e1rio<\/a><\/p>\n\n\n\n<p><a href=\"http:\/\/proplan.uea.edu.br\/wp-content\/uploads\/sites\/7\/2019\/02\/FICHA-DE-DADOS-PESSOAIS.doc\">Ficha de Dados Pessoais<\/a><\/p>\n\n\n\n<div class=\"wp-block-stackable-spacer stk-block-spacer stk--no-padding stk-block stk-8179c44\" data-block-id=\"8179c44\"><style>.stk-8179c44 {height:30px !important;}<\/style><\/div>\n<\/div><\/div><\/div>\n<\/div><\/div>\n\n\n\n<div class=\"wp-block-stackable-spacer stk-block-spacer stk--no-padding stk-block stk-c1cd1b7\" data-block-id=\"c1cd1b7\"><style>.stk-c1cd1b7 {height:140px !important;}<\/style><\/div>\n","protected":false},"excerpt":{"rendered":"<p>CRH \u2013 Formul\u00e1rios INFORMATIVO SODEXO \u2013 2020 Informativo Sodexo \u2013 2020 (Calend\u00e1rio) F\u00c9RIAS Formul\u00e1rio de F\u00e9rias exerc\u00edcio Atual e Anterior Formul\u00e1rio de Altera\u00e7\u00e3o de F\u00e9rias Requerimento de Folga para Trabalho Eleitoral FOLHAS DE FREQU\u00caNCIAS Folha de Frequ\u00eancia&nbsp; \u2013 Administrativo Folha de Frequ\u00eancia \u2013 Professor ESTAGI\u00c1RIO Folha de Frequ\u00eancia \u2013 Estagi\u00e1rio Ficha de Cadastro Para N\u00edvel [&hellip;]<\/p>\n","protected":false},"author":1,"featured_media":0,"parent":0,"menu_order":0,"comment_status":"closed","ping_status":"closed","template":"","meta":{"footnotes":""},"class_list":["post-726","page","type-page","status-publish","hentry"],"blocksy_meta":{"page_title_panel":"","has_hero_section":"disabled","fe1c64ab89945cda534f4bb2d579ae1a":"","hero_section":"type-1","hero_elements":[{"id":"custom_title","enabled":true,"heading_tag":"h1","title":"Home"},{"id":"custom_description","enabled":true,"description_visibility":{"desktop":true,"tablet":true,"mobile":false}},{"id":"custom_meta","enabled":false,"meta_elements":[{"id":"author","enabled":true,"label":"By","has_author_avatar":"yes","avatar_size":25},{"id":"post_date","enabled":true,"label":"On","date_format_source":"default","date_format":"M j, Y"},{"id":"updated_date","enabled":false,"label":"On","date_format_source":"default","date_format":"M j, Y"},{"id":"categories","enabled":false,"label":"In","style":"simple"},{"id":"comments","enabled":true}],"page_meta_elements":{"joined":true,"articles_count":true,"comments":true}},{"id":"breadcrumbs","enabled":false}],"433b02732bec8d55ec282f00a9a700eb":"","hero_alignment1":"CT_CSS_SKIP_RULE","hero_margin":40,"hero_alignment2":"center","hero_vertical_alignment":"center","fdbb34d69d6afe2394c07d96c9ea0b60":"","hero_structure":"narrow","cb306aece5e91b9a44875e4a81075440":"","page_title_bg_type":"featured_image","custom_hero_background":{"attachment_id":null},"page_title_image_size":"full","parallax":{"desktop":false,"tablet":false,"mobile":false},"034bc954f3c533bc75ffdf62670c8395":"","hero_height":"250px","pageTitleFont":{"family":"Default","variation":"Default","size":"30px","line-height":"CT_CSS_SKIP_RULE","letter-spacing":"CT_CSS_SKIP_RULE","text-transform":"CT_CSS_SKIP_RULE","text-decoration":"CT_CSS_SKIP_RULE"},"pageTitleFontColor":{"default":{"color":"CT_CSS_SKIP_RULEDEFAULT"}},"pageMetaFont":{"family":"Default","variation":"n6","size":"12px","line-height":"1.3","letter-spacing":"CT_CSS_SKIP_RULE","text-transform":"uppercase","text-decoration":"CT_CSS_SKIP_RULE"},"pageMetaFontColor":{"default":{"color":"CT_CSS_SKIP_RULEDEFAULT"},"hover":{"color":"CT_CSS_SKIP_RULEDEFAULT"}},"page_meta_button_type_font_colors":{"default":{"color":"CT_CSS_SKIP_RULEDEFAULT"},"hover":{"color":"CT_CSS_SKIP_RULEDEFAULT"}},"page_meta_button_type_background_colors":{"default":{"color":"CT_CSS_SKIP_RULEDEFAULT"},"hover":{"color":"CT_CSS_SKIP_RULEDEFAULT"}},"pageExcerptFont":{"family":"Default","variation":"Default","size":"CT_CSS_SKIP_RULE","line-height":"CT_CSS_SKIP_RULE","letter-spacing":"CT_CSS_SKIP_RULE","text-transform":"CT_CSS_SKIP_RULE","text-decoration":"CT_CSS_SKIP_RULE"},"pageExcerptColor":{"default":{"color":"CT_CSS_SKIP_RULEDEFAULT"}},"breadcrumbsFont":{"family":"Default","variation":"Default","size":"CT_CSS_SKIP_RULE","line-height":"CT_CSS_SKIP_RULE","letter-spacing":"CT_CSS_SKIP_RULE","text-transform":"CT_CSS_SKIP_RULE","text-decoration":"CT_CSS_SKIP_RULE"},"breadcrumbsFontColor":{"default":{"color":"CT_CSS_SKIP_RULEDEFAULT"},"initial":{"color":"CT_CSS_SKIP_RULEDEFAULT"},"hover":{"color":"CT_CSS_SKIP_RULEDEFAULT"}},"pageTitleOverlay":{"background_type":"color","background_pattern":"type-1","background_image":{"attachment_id":null,"x":0,"y":0},"gradient":"linear-gradient(135deg,rgba(6,147,227,1) 0%,rgb(155,81,224) 100%)","background_repeat":"repeat","background_size":"auto","background_attachment":"scroll","patternColor":{"default":{"color":"#e5e7ea"}},"overlayColor":{"default":{"color":"CT_CSS_SKIP_RULE"}},"backgroundColor":{"default":{"color":"CT_CSS_SKIP_RULE"}}},"pageTitleBackground":{"background_type":"color","background_pattern":"type-1","background_image":{"attachment_id":null,"x":0,"y":0},"gradient":"linear-gradient(135deg,rgba(6,147,227,1) 0%,rgb(155,81,224) 100%)","background_repeat":"repeat","background_size":"auto","background_attachment":"scroll","patternColor":{"default":{"color":"#e5e7ea"}},"overlayColor":{"default":{"color":"CT_CSS_SKIP_RULE"}},"backgroundColor":{"default":{"color":"var(--theme-palette-color-6)"}}},"pageTitlePadding":{"top":"50px","bottom":"50px","left":"auto","right":"auto","linked":true},"12e455f30de1d15aed0effbbb6f951bf":"","page_structure_type":"default","f474d2f3ad69b4e64f52dac0a3aa2bb2":"","content_style_source":"inherit","content_style":"wide","vertical_spacing_source":"custom","content_area_spacing":"none","background":{"background_type":"color","background_pattern":"type-1","background_image":{"attachment_id":null,"x":0,"y":0},"gradient":"linear-gradient(135deg,rgba(6,147,227,1) 0%,rgb(155,81,224) 100%)","background_repeat":"repeat","background_size":"auto","background_attachment":"scroll","patternColor":{"default":{"color":"#e5e7ea"}},"overlayColor":{"default":{"color":"CT_CSS_SKIP_RULE"}},"backgroundColor":{"default":{"color":"CT_CSS_SKIP_RULE"}}},"content_background":{"background_type":"color","background_pattern":"type-1","background_image":{"attachment_id":null,"x":0,"y":0},"gradient":"linear-gradient(135deg,rgba(6,147,227,1) 0%,rgb(155,81,224) 100%)","background_repeat":"repeat","background_size":"auto","background_attachment":"scroll","patternColor":{"default":{"color":"#e5e7ea"}},"overlayColor":{"default":{"color":"CT_CSS_SKIP_RULE"}},"backgroundColor":{"default":{"color":"var(--theme-palette-color-8)"}}},"content_boxed_shadow":{"inherit":false,"blur":18,"spread":-6,"v_offset":12,"h_offset":0,"inset":false,"enable":true,"color":{"color":"rgba(34, 56, 101, 0.04)"}},"content_boxed_border":{"width":1,"style":"none","color":{"color":"rgba(44,62,80,0.2)"}},"content_boxed_radius":{"top":"3px","bottom":"3px","left":"3px","right":"3px","linked":true},"boxed_content_spacing":{"desktop":{"top":"40px","bottom":"40px","left":"40px","right":"40px","linked":true},"tablet":{"top":"35px","bottom":"35px","left":"35px","right":"35px","linked":true},"mobile":{"top":"20px","bottom":"20px","left":"20px","right":"20px","linked":true}},"fca9f1d1c7aa58a4b21dd78357f6373e":"","disable_featured_image":"no","disable_share_box":"no","disable_header":"no","disable_footer":"no","styles_descriptor":{"styles":{"desktop":"","tablet":"","mobile":""},"google_fonts":[],"version":6}},"_links":{"self":[{"href":"http:\/\/proreitoria.uea.edu.br\/proplan\/index.php?rest_route=\/wp\/v2\/pages\/726","targetHints":{"allow":["GET"]}}],"collection":[{"href":"http:\/\/proreitoria.uea.edu.br\/proplan\/index.php?rest_route=\/wp\/v2\/pages"}],"about":[{"href":"http:\/\/proreitoria.uea.edu.br\/proplan\/index.php?rest_route=\/wp\/v2\/types\/page"}],"author":[{"embeddable":true,"href":"http:\/\/proreitoria.uea.edu.br\/proplan\/index.php?rest_route=\/wp\/v2\/users\/1"}],"replies":[{"embeddable":true,"href":"http:\/\/proreitoria.uea.edu.br\/proplan\/index.php?rest_route=%2Fwp%2Fv2%2Fcomments&post=726"}],"version-history":[{"count":8,"href":"http:\/\/proreitoria.uea.edu.br\/proplan\/index.php?rest_route=\/wp\/v2\/pages\/726\/revisions"}],"predecessor-version":[{"id":1243,"href":"http:\/\/proreitoria.uea.edu.br\/proplan\/index.php?rest_route=\/wp\/v2\/pages\/726\/revisions\/1243"}],"wp:attachment":[{"href":"http:\/\/proreitoria.uea.edu.br\/proplan\/index.php?rest_route=%2Fwp%2Fv2%2Fmedia&parent=726"}],"curies":[{"name":"wp","href":"https:\/\/api.w.org\/{rel}","templated":true}]}}