{"id":750,"date":"2025-05-21T14:06:41","date_gmt":"2025-05-21T18:06:41","guid":{"rendered":"https:\/\/proreitoria.uea.edu.br\/propesp\/?page_id=750"},"modified":"2026-03-13T14:54:28","modified_gmt":"2026-03-13T18:54:28","slug":"qualificacao-docente","status":"publish","type":"page","link":"http:\/\/proreitoria.uea.edu.br\/propesp\/index.php\/qualificacao-docente\/","title":{"rendered":"Qualifica\u00e7\u00e3o Docente"},"content":{"rendered":"\n<div class=\"wp-block-stackable-columns alignfull stk-block-columns stk-block stk-51b2b12 stk-block-background stk--has-background-overlay\" data-block-id=\"51b2b12\"><style>.stk-51b2b12 .stk--block-align-51b2b12{align-items:center !important;}.stk-51b2b12 {background-image:url(http:\/\/proreitoria.uea.edu.br\/propesp\/wp-content\/uploads\/2025\/11\/bg_propesp2.png) !important;background-position:bottom center !important;background-repeat:no-repeat !important;background-size:cover !important;padding-top:300px !important;padding-bottom:200px !important;margin-bottom:0px !important;}.stk-51b2b12-column{--stk-column-gap:35px !important;row-gap:35px !important;}@media screen and (max-width:999px){.stk-51b2b12 {background-image:url(http:\/\/proreitoria.uea.edu.br\/propesp\/wp-content\/uploads\/2025\/11\/bg_propesp_tablet.png) !important;padding-top:250px !important;padding-bottom:150px !important;}}@media screen and (max-width:689px){.stk-51b2b12 {background-image:url(http:\/\/proreitoria.uea.edu.br\/propesp\/wp-content\/uploads\/2025\/11\/propesp_mobile_BG.png) !important;padding-top:150px !important;padding-bottom:100px !important;}}<\/style><div class=\"stk-row stk-inner-blocks stk--block-align-51b2b12 stk-block-content stk-content-align stk-51b2b12-column\">\n<div class=\"wp-block-stackable-column stk-block-column stk-column stk-block stk-5a49b27\" data-v=\"4\" data-block-id=\"5a49b27\"><div class=\"stk-column-wrapper stk-block-column__content stk-container stk-5a49b27-container stk--no-background stk--no-padding\"><div class=\"stk-block-content stk-inner-blocks stk-5a49b27-inner-blocks\">\n<div class=\"wp-block-stackable-heading stk-block-heading stk-block-heading--v2 stk-block stk-de45349\" id=\"qualificacao-docente\" data-block-id=\"de45349\"><style>.stk-de45349 .stk-block-heading__text{font-size:42px !important;color:var(--theme-palette-color-7, #FBFBFC) !important;line-height:58px !important;font-weight:700 !important;font-family:\"Roboto\", Sans-serif !important;}@media screen and (max-width:999px){.stk-de45349 .stk-block-heading__text{font-size:42px !important;}}@media screen and (max-width:689px){.stk-de45349 .stk-block-heading__text{font-size:30px !important;}}<\/style><h2 class=\"stk-block-heading__text has-text-color has-text-align-center\">Qualifica\u00e7\u00e3o Docente<\/h2><\/div>\n<\/div><\/div><\/div>\n<\/div><\/div>\n\n\n\n<div class=\"wp-block-stackable-spacer stk-block-spacer stk--no-padding stk-block stk-88f965b\" data-block-id=\"88f965b\"><style>.stk-88f965b {height:130px !important;}<\/style><\/div>\n\n\n\n<div class=\"wp-block-stackable-columns alignfull stk-block-columns stk-block stk-23aa5c0 stk-block-background\" data-block-id=\"23aa5c0\"><style>.stk-23aa5c0 {background-color:#ffffff !important;overflow:hidden !important;margin-bottom:0px !important;}.stk-23aa5c0:hover{background-color:#ffffff !important;}.stk-23aa5c0:before{background-color:#ffffff !important;}.stk-23aa5c0:hover:before{background-color:#ffffff !important;}<\/style><div class=\"stk-row stk-inner-blocks stk-block-content stk-content-align stk-23aa5c0-column alignfull\">\n<div class=\"wp-block-stackable-column stk-block-column stk-column stk-block stk-03a110b\" data-v=\"4\" data-block-id=\"03a110b\"><style>.stk-03a110b-inner-blocks{align-items:flex-start !important;}.stk-03a110b-container{overflow:hidden !important;box-shadow:none !important;max-width:70% !important;min-width:auto !important;padding-top:0px !important;padding-right:0px !important;padding-bottom:0px !important;padding-left:0px !important;margin-right:auto !important;margin-left:auto !important;}@media screen and (max-width:999px){.stk-03a110b-container{max-width:100% !important;min-width:auto !important;}}@media screen and (max-width:689px){.stk-03a110b-container{max-width:100% !important;min-width:auto !important;}}<\/style><div class=\"stk-column-wrapper stk-block-column__content stk-container stk-03a110b-container stk-hover-parent\"><div class=\"stk--column-flex stk-block-content stk-inner-blocks stk-03a110b-inner-blocks\">\n<div class=\"wp-block-stackable-spacer stk-block-spacer stk--no-padding stk-block stk-c4cd72a\" data-block-id=\"c4cd72a\"><style>.stk-c4cd72a {height:30px !important;}<\/style><\/div>\n\n\n\n<p>No \u00e2mbito da Universidade do Estado do Amazonas \u2013 UEA, a qualifica\u00e7\u00e3o docente \u00e9 regulamentada atualmente pela&nbsp;<strong>Resolu\u00e7\u00e3o N\u00ba031\/2024 \u2013 CONSUNIV<\/strong>, que estabelece o Programa Institucional de Qualifica\u00e7\u00e3o do Docente (PIQD) como um programa que deve ser elaborado pela Pr\u00f3-Reitoria de Pesquisa e P\u00f3s-Gradua\u00e7\u00e3o \u2013 PROPESP.<\/p>\n\n\n\n<p>O objetivo do PIQD \u00e9 organizar o fluxo de afastamento para qualifica\u00e7\u00e3o docente, al\u00e9m de fornecer dados quadrienais para planejamento do desenvolvimento institucional da UEA.<\/p>\n\n\n\n<p>Conforme o Art. 4\u00ba da Resolu\u00e7\u00e3o N\u00ba031\/2024 \u2013 CONSUNIV devem ser adotadas as seguintes nomeclaturas:<\/p>\n\n\n\n<p>I \u2013&nbsp;<strong>Afastamento integral<\/strong>&nbsp;\u00e9 quando o docente utiliza a totalidade da carga hor\u00e1ria para exerc\u00edcio das atividades de qualifica\u00e7\u00e3o.<br>II \u2013<strong>&nbsp;Afastamento parcial<\/strong>&nbsp;\u00e9 quando o docente utiliza parcialmente a carga hor\u00e1ria para exerc\u00edcio das atividades de qualifica\u00e7\u00e3o, diminuindo sua carga hor\u00e1ria em sala de aula para 8 horas semanais, sem preju\u00edzo salarial, em vista do exerc\u00edcio das atividades de qualifica\u00e7\u00e3o em cursos de Mestrado ou Doutorado na modalidade Interinstitucional (MINTER ou DINTER) ou nos casos em que n\u00e3o for poss\u00edvel o afastamento integral.<br>III \u2013&nbsp;<strong>Prorroga\u00e7\u00e3o&nbsp;<\/strong>refere-se a situa\u00e7\u00f5es em que, excepcionalmente, ocorre a necessidade de extens\u00e3o do prazo m\u00e1ximo estabelecido no Art. 10\u00ba, para a conclus\u00e3o do curso.<br>IV \u2013&nbsp;<strong>Renova\u00e7\u00e3o<\/strong>&nbsp;refere-se a situa\u00e7\u00f5es em que o docente n\u00e3o usufruiu a totalidade do tempo da libera\u00e7\u00e3o estabelecido no Art. 10\u00ba e necessita de extens\u00e3o do afastamento para concluir o curso, desde que dentro do prazo m\u00e1ximo especificado no mesmo artigo.<\/p>\n\n\n\n<p>Conforme o Art. 10\u00ba da Resolu\u00e7\u00e3o N\u00ba031\/2024 \u2013 CONSUNIV, os&nbsp;<strong>prazos m\u00e1ximos de dura\u00e7\u00e3o para os afastamentos<\/strong>&nbsp;(integral ou parcial) s\u00e3o definidos por curso: Mestrado, at\u00e9 24 (vinte e quatro) meses; Doutorado, at\u00e9 48 (quarenta e oito) meses; Est\u00e1gio P\u00f3s-Doutoral, at\u00e9 12 (doze) meses.<\/p>\n\n\n\n<p>Conforme o Art. 17 da Resolu\u00e7\u00e3o N\u00ba031\/2024 \u2013 CONSUNIV&nbsp;<strong>o processo de afastamento<\/strong>&nbsp;(integral ou parcial), dever\u00e1 tramitar pelas seguintes inst\u00e2ncias: Coordena\u00e7\u00e3o de Curso, Colegiado do Curso, Dire\u00e7\u00e3o da Unidade, Conselho Acad\u00eamico, Pr\u00f3-Reitoria de Pesquisa e P\u00f3s-Gradua\u00e7\u00e3o \u2013 PROPESP, Pr\u00f3-Reitoria de Planejamento \u2013 PROPLAN, Pr\u00f3-Reitoria de Gradua\u00e7\u00e3o \u2013 PROGRAD, Procuradoria Jur\u00eddica \u2013 PJ, C\u00e2mara de Pesquisa e P\u00f3s-Gradua\u00e7\u00e3o \u2013 CPPG, Gabinete do Reitor.<\/p>\n\n\n\n<p>Conforme o Art. 19 da Resolu\u00e7\u00e3o N\u00ba031\/2024 \u2013 CONSUNIV o processo de afastamento (integral ou parcial)&nbsp;<strong>dever\u00e1 ser protocolado com os seguintes documentos:<\/strong><br>I \u2013 Formul\u00e1rio de solicita\u00e7\u00e3o de afastamento, no modelo padr\u00e3o, conforme Anexo II;<br>II \u2013 Termo de compromisso assinado, no modelo padr\u00e3o, conforme Anexo III;<br>III \u2013 Plano de atividades a ser desenvolvido e cronograma que contemple o per\u00edodo de afastamento, no modelo padr\u00e3o, conforme Anexo IV;<br>IV \u2013 Comprovante de aceite do requerente no curso de p\u00f3s-gradua\u00e7\u00e3o stricto sensu ou no est\u00e1gio p\u00f3s-doutoral, bem como declara\u00e7\u00e3o de matr\u00edcula, no caso de j\u00e1 o estar cursando;<br>a) O comprovante de aceite no curso de p\u00f3s-gradua\u00e7\u00e3o stricto sensu ou no est\u00e1gio p\u00f3s-doutoral \u00e9 o \u00fanico documento que poder\u00e1 ser inserido posteriormente no processo, desde que no prazo m\u00e1ximo de 10 (dez) dias corridos que antecedem a reuni\u00e3o ordin\u00e1ria da CPPG que apreciar\u00e1 a solicita\u00e7\u00e3o.<br>V \u2013 Curr\u00edculo Lattes do interessado atualizado ao menos 30 (trinta) dias antes do pedido de afastamento;<br>VI \u2013 Comprovante de libera\u00e7\u00e3o total, no caso de possuir outro v\u00ednculo empregat\u00edcio ou de trabalho com outra institui\u00e7\u00e3o p\u00fablica ou privada, em concord\u00e2ncia com o item II, do Artigo 7\u00ba;<br>VII \u2013 Rela\u00e7\u00e3o das institui\u00e7\u00f5es aptas ao reconhecimento do diploma, no caso de cursos ofertados no exterior, conforme disposto no Art. 5\u00b0, inciso III.<\/p>\n\n\n\n<p>Conforme o Art. 20 da Resolu\u00e7\u00e3o N\u00ba031\/2024 \u2013 CONSUNIV o&nbsp;<strong>processo de renova\u00e7\u00e3o de afastamento<\/strong>, dever\u00e1 tramitar pelas seguintes inst\u00e2ncias: Conselho Acad\u00eamico, Pr\u00f3-Reitoria de Pesquisa e P\u00f3s-Gradua\u00e7\u00e3o \u2013 PROPESP, Procuradoria Jur\u00eddica \u2013 PJ e Gabinete do Reitor.<\/p>\n\n\n\n<p>Conforme o Art. 25 da Resolu\u00e7\u00e3o N\u00ba031\/2024 \u2013 CONSUNIV, o docente que se afastar para curso de P\u00f3s-Gradua\u00e7\u00e3o&nbsp;<em>stricto sensu<\/em>&nbsp;ou est\u00e1gio P\u00f3s-Doutoral ficar\u00e1 sujeito aos seguintes compromissos:<br>I \u2013 Apresentar \u00e0 PROPESP, anualmente, durante o per\u00edodo de afastamento,&nbsp;<strong>relat\u00f3rio de desempenho, conforme Anexo VI,<\/strong>&nbsp;acompanhado de parecer do professor orientador ou supervisor;<br>II \u2013 Reassumir suas atividades na Unidade de lota\u00e7\u00e3o no prazo m\u00e1ximo de 30 (trinta) dias ap\u00f3s a defesa da disserta\u00e7\u00e3o ou tese, ou ap\u00f3s o encerramento do est\u00e1gio P\u00f3s-Doutoral, independente da data de encerramento do afastamento da respectiva portaria;<br>III \u2013 Apresentar \u00e0 Dire\u00e7\u00e3o da Unidade e \u00e0 PROPESP, em at\u00e9 30 (trinta) dias ap\u00f3s o seu retorno do afastamento, c\u00f3pia da ata de defesa de disserta\u00e7\u00e3o ou tese, ou documento equivalente, e, no caso de est\u00e1gio P\u00f3s-Doutoral, apresentar documento que comprove sua conclus\u00e3o;<br>IV \u2013 Apresentar, no prazo m\u00e1ximo de 90 (noventa) dias ap\u00f3s a defesa, ao Diretor da Unidade, para encaminhamento \u00e0 Biblioteca Universit\u00e1ria, 1 (uma) c\u00f3pia da disserta\u00e7\u00e3o ou tese em m\u00eddia digital, com respectivo comprovante de aprova\u00e7\u00e3o;<br>V \u2013 Ap\u00f3s a defesa, apresentar, no prazo m\u00e1ximo de 1 (um) ano, o diploma devidamente registrado, quando emitido por institui\u00e7\u00e3o nacional, ou no prazo m\u00e1ximo de 2 (dois) anos o diploma reconhecido, quando emitido por institui\u00e7\u00e3o estrangeira;<br>VI \u2013 Permanecer em servi\u00e7o no quadro de pessoal da UEA por per\u00edodo no m\u00ednimo igual ao do afastamento, no mesmo regime de trabalho, em per\u00edodo integral, ap\u00f3s a conclus\u00e3o do curso ou est\u00e1gio, n\u00e3o podendo usufruir de outras licen\u00e7as durante este per\u00edodo, exceto licen\u00e7as m\u00e9dicas;<br>VII \u2013 Comprovar produ\u00e7\u00e3o acad\u00eamica e\/ou t\u00e9cnica (publica\u00e7\u00e3o ou comprovante de submiss\u00e3o de artigos cient\u00edficos, cap\u00edtulos de livro, trabalhos em congresso, entre outros), em que seja estampado o nome da UEA, em conformidade com o proposto no Anexo II, dentro do per\u00edodo obrigat\u00f3rio de perman\u00eancia na UEA ap\u00f3s a conclus\u00e3o do curso.<br>VIII \u2013 Solicitar credenciamento em programa de p\u00f3s-gradua\u00e7\u00e3o stricto sensu, preferencialmente da UEA, e\/ou participar de proposta de cria\u00e7\u00e3o de um curso novo, dentro do per\u00edodo obrigat\u00f3rio de perman\u00eancia na UEA, ap\u00f3s a conclus\u00e3o do curso;<br>IX \u2013 Atualizar semestralmente o curr\u00edculo na Plataforma Lattes do CNPq, com o registro da qualifica\u00e7\u00e3o em andamento ou conclu\u00edda.<\/p>\n\n\n\n<div class=\"wp-block-stackable-text stk-block-text stk-block stk-01d998a\" data-block-id=\"01d998a\"><style>.stk-01d998a .stk-block-text__text{font-size:25px !important;font-weight:800 !important;font-family:system-ui, sans-serif !important;}@media screen and (max-width:999px){.stk-01d998a .stk-block-text__text{font-size:25px !important;}}<\/style><p class=\"stk-block-text__text\">Instru\u00e7\u00f5es para realizar o pedido:<\/p><\/div>\n\n\n\n<ol class=\"wp-block-list\">\n<li>Autuar processo digital pelo protocolo virtual da SEFAZ\/AM, conforme link: https:\/\/protocolovirtual.amazonas.am.gov.br\/.<\/li>\n\n\n\n<li>Anexar ao processo a documenta\u00e7\u00e3o solicitada na Art. 19 da Resolu\u00e7\u00e3o N\u00ba031\/2024 \u2013 CONSUNIV;<\/li>\n\n\n\n<li>Acompanhar o tr\u00e2mite da solicita\u00e7\u00e3o por meio do n\u00famero de processo gerado.<\/li>\n<\/ol>\n\n\n\n<div class=\"wp-block-stackable-text stk-block-text stk-block stk-68c7ebb\" data-block-id=\"68c7ebb\"><style>.stk-68c7ebb .stk-block-text__text{font-size:25px !important;font-weight:800 !important;font-family:system-ui, sans-serif !important;}@media screen and (max-width:999px){.stk-68c7ebb .stk-block-text__text{font-size:25px !important;}}<\/style><p class=\"stk-block-text__text\">Links de acesso \u00e0 legisla\u00e7\u00e3o vigente na UEA:<\/p><\/div>\n\n\n\n<p><a href=\"https:\/\/drive.google.com\/file\/d\/1Yj9sLXUhspfySPFz5rXoz8-p1gKdmh0j\/view?usp=sharing\" target=\"_blank\" rel=\"noreferrer noopener\">Resolu\u00e7\u00e3o N\u00ba031\/2024 \u2013 CONSUNIV<\/a><\/p>\n\n\n\n<p><a href=\"https:\/\/docs.google.com\/document\/d\/1WQoFUmubPBARoDKf1MC0ABP2Mjr8Fxew\/edit?usp=sharing&amp;ouid=102815658679910295015&amp;rtpof=true&amp;sd=true\" data-type=\"link\" data-id=\"https:\/\/docs.google.com\/document\/d\/1WQoFUmubPBARoDKf1MC0ABP2Mjr8Fxew\/edit?usp=sharing&amp;ouid=102815658679910295015&amp;rtpof=true&amp;sd=true\">RESOLU\u00c7\u00c3O N\u00ba 031.2024 &#8211; CONSUNIV_ANEXO II<\/a><\/p>\n\n\n\n<p><a href=\"https:\/\/docs.google.com\/document\/d\/1XcYTNimGAbzZeUTHX15y3I_ZaMS_-6_n\/edit?usp=sharing&amp;ouid=102815658679910295015&amp;rtpof=true&amp;sd=true\" data-type=\"link\" data-id=\"https:\/\/docs.google.com\/document\/d\/1WQoFUmubPBARoDKf1MC0ABP2Mjr8Fxew\/edit?usp=sharing&amp;ouid=102815658679910295015&amp;rtpof=true&amp;sd=true\">RESOLU\u00c7\u00c3O N\u00ba 031.2024 &#8211; CONSUNIV_ANEXO III<\/a><\/p>\n\n\n\n<p><a href=\"https:\/\/docs.google.com\/document\/d\/1ywsY7Ip-ATrgSYJb3TzLUF1w1_c-l7-S\/edit?usp=sharing&amp;ouid=102815658679910295015&amp;rtpof=true&amp;sd=true\" data-type=\"link\" data-id=\"https:\/\/docs.google.com\/document\/d\/1WQoFUmubPBARoDKf1MC0ABP2Mjr8Fxew\/edit?usp=sharing&amp;ouid=102815658679910295015&amp;rtpof=true&amp;sd=true\">RESOLU\u00c7\u00c3O N\u00ba 031.2024 &#8211; CONSUNIV_ANEXO IV<\/a><\/p>\n\n\n\n<p><a href=\"https:\/\/docs.google.com\/document\/d\/1qQpMRU9Qzh5PBYa5epWJn4cd14cUATjz\/edit?usp=sharing&amp;ouid=102815658679910295015&amp;rtpof=true&amp;sd=true\" data-type=\"link\" data-id=\"https:\/\/docs.google.com\/document\/d\/1WQoFUmubPBARoDKf1MC0ABP2Mjr8Fxew\/edit?usp=sharing&amp;ouid=102815658679910295015&amp;rtpof=true&amp;sd=true\">RESOLU\u00c7\u00c3O N\u00ba 031.2024 &#8211; CONSUNIV_ANEXO V<\/a><\/p>\n\n\n\n<p><a href=\"https:\/\/docs.google.com\/document\/d\/1uuxUVkpe41zhKLBHBZLGZ1x7jDRNyrre\/edit?usp=sharing&amp;ouid=102815658679910295015&amp;rtpof=true&amp;sd=true\" data-type=\"link\" data-id=\"https:\/\/docs.google.com\/document\/d\/1uuxUVkpe41zhKLBHBZLGZ1x7jDRNyrre\/edit?usp=sharing&amp;ouid=102815658679910295015&amp;rtpof=true&amp;sd=true\">RESOLU\u00c7\u00c3O N\u00ba 031.2024 &#8211; CONSUNIV_ANEXO VI<\/a><\/p>\n\n\n\n<p class=\"has-medium-font-size\"><strong>Contatos:&nbsp;<\/strong><\/p>\n\n\n\n<p class=\"has-medium-font-size\"><strong>E-mail:<\/strong>&nbsp;<a href=\"mailto:reconhecimentodediploma@uea.edu.br\" target=\"_blank\" rel=\"noreferrer noopener\">strictosensu@uea.edu.br<\/a><\/p>\n\n\n\n<p class=\"has-medium-font-size\"><strong>Telefone:&nbsp;<\/strong>(92) 994080771<\/p>\n\n\n\n<p class=\"has-medium-font-size\"><\/p>\n\n\n\n<div class=\"wp-block-stackable-spacer stk-block-spacer stk--no-padding stk-block stk-508ca3a\" data-block-id=\"508ca3a\"><style>.stk-508ca3a {height:30px !important;}<\/style><\/div>\n\n\n\n<div class=\"wp-block-stackable-spacer stk-block-spacer stk--no-padding stk-block stk-aa3fbd2\" data-block-id=\"aa3fbd2\"><style>.stk-aa3fbd2 {height:30px !important;}<\/style><\/div>\n<\/div><\/div><\/div>\n<\/div><\/div>\n\n\n\n<div class=\"wp-block-stackable-spacer stk-block-spacer stk--no-padding stk-block stk-5bd157b\" data-block-id=\"5bd157b\"><style>.stk-5bd157b {height:130px !important;}<\/style><\/div>\n","protected":false},"excerpt":{"rendered":"<p>Qualifica\u00e7\u00e3o Docente No \u00e2mbito da Universidade do Estado do Amazonas \u2013 UEA, a qualifica\u00e7\u00e3o docente \u00e9 regulamentada atualmente pela&nbsp;Resolu\u00e7\u00e3o N\u00ba031\/2024 \u2013 CONSUNIV, que estabelece o Programa Institucional de Qualifica\u00e7\u00e3o do Docente (PIQD) como um programa que deve ser elaborado pela Pr\u00f3-Reitoria de Pesquisa e P\u00f3s-Gradua\u00e7\u00e3o \u2013 PROPESP. O objetivo do PIQD \u00e9 organizar o fluxo [&hellip;]<\/p>\n","protected":false},"author":1,"featured_media":0,"parent":0,"menu_order":0,"comment_status":"closed","ping_status":"closed","template":"","meta":{"footnotes":""},"class_list":["post-750","page","type-page","status-publish","hentry"],"blocksy_meta":{"page_title_panel":"","has_hero_section":"disabled","fe1c64ab89945cda534f4bb2d579ae1a":"","hero_section":"type-1","hero_elements":[{"id":"custom_title","enabled":true,"heading_tag":"h1","title":"Home"},{"id":"custom_description","enabled":true,"description_visibility":{"desktop":true,"tablet":true,"mobile":false}},{"id":"custom_meta","enabled":false,"meta_elements":[{"id":"author","enabled":true,"label":"By","has_author_avatar":"yes","avatar_size":25},{"id":"post_date","enabled":true,"label":"On","date_format_source":"default","date_format":"M j, Y"},{"id":"updated_date","enabled":false,"label":"On","date_format_source":"default","date_format":"M j, Y"},{"id":"categories","enabled":false,"label":"In","style":"simple"},{"id":"comments","enabled":true}],"page_meta_elements":{"joined":true,"articles_count":true,"comments":true}},{"id":"breadcrumbs","enabled":false}],"433b02732bec8d55ec282f00a9a700eb":"","hero_alignment1":"CT_CSS_SKIP_RULE","hero_margin":40,"hero_alignment2":"center","hero_vertical_alignment":"center","fdbb34d69d6afe2394c07d96c9ea0b60":"","hero_structure":"narrow","cb306aece5e91b9a44875e4a81075440":"","page_title_bg_type":"featured_image","custom_hero_background":{"attachment_id":null},"page_title_image_size":"full","parallax":{"desktop":false,"tablet":false,"mobile":false},"034bc954f3c533bc75ffdf62670c8395":"","hero_height":"250px","pageTitleFont":{"family":"Default","variation":"Default","size":"30px","line-height":"CT_CSS_SKIP_RULE","letter-spacing":"CT_CSS_SKIP_RULE","text-transform":"CT_CSS_SKIP_RULE","text-decoration":"CT_CSS_SKIP_RULE"},"pageTitleFontColor":{"default":{"color":"CT_CSS_SKIP_RULEDEFAULT"}},"pageMetaFont":{"family":"Default","variation":"n6","size":"12px","line-height":"1.3","letter-spacing":"CT_CSS_SKIP_RULE","text-transform":"uppercase","text-decoration":"CT_CSS_SKIP_RULE"},"pageMetaFontColor":{"default":{"color":"CT_CSS_SKIP_RULEDEFAULT"},"hover":{"color":"CT_CSS_SKIP_RULEDEFAULT"}},"page_meta_button_type_font_colors":{"default":{"color":"CT_CSS_SKIP_RULEDEFAULT"},"hover":{"color":"CT_CSS_SKIP_RULEDEFAULT"}},"page_meta_button_type_background_colors":{"default":{"color":"CT_CSS_SKIP_RULEDEFAULT"},"hover":{"color":"CT_CSS_SKIP_RULEDEFAULT"}},"pageExcerptFont":{"family":"Default","variation":"Default","size":"CT_CSS_SKIP_RULE","line-height":"CT_CSS_SKIP_RULE","letter-spacing":"CT_CSS_SKIP_RULE","text-transform":"CT_CSS_SKIP_RULE","text-decoration":"CT_CSS_SKIP_RULE"},"pageExcerptColor":{"default":{"color":"CT_CSS_SKIP_RULEDEFAULT"}},"breadcrumbsFont":{"family":"Default","variation":"Default","size":"CT_CSS_SKIP_RULE","line-height":"CT_CSS_SKIP_RULE","letter-spacing":"CT_CSS_SKIP_RULE","text-transform":"CT_CSS_SKIP_RULE","text-decoration":"CT_CSS_SKIP_RULE"},"breadcrumbsFontColor":{"default":{"color":"CT_CSS_SKIP_RULEDEFAULT"},"initial":{"color":"CT_CSS_SKIP_RULEDEFAULT"},"hover":{"color":"CT_CSS_SKIP_RULEDEFAULT"}},"pageTitleOverlay":{"background_type":"color","background_pattern":"type-1","background_image":{"attachment_id":null,"x":0,"y":0},"gradient":"linear-gradient(135deg,rgba(6,147,227,1) 0%,rgb(155,81,224) 100%)","background_repeat":"repeat","background_size":"auto","background_attachment":"scroll","patternColor":{"default":{"color":"#e5e7ea"}},"overlayColor":{"default":{"color":"CT_CSS_SKIP_RULE"}},"backgroundColor":{"default":{"color":"CT_CSS_SKIP_RULE"}}},"pageTitleBackground":{"background_type":"color","background_pattern":"type-1","background_image":{"attachment_id":null,"x":0,"y":0},"gradient":"linear-gradient(135deg,rgba(6,147,227,1) 0%,rgb(155,81,224) 100%)","background_repeat":"repeat","background_size":"auto","background_attachment":"scroll","patternColor":{"default":{"color":"#e5e7ea"}},"overlayColor":{"default":{"color":"CT_CSS_SKIP_RULE"}},"backgroundColor":{"default":{"color":"var(--theme-palette-color-6)"}}},"pageTitlePadding":{"top":"50px","bottom":"50px","left":"auto","right":"auto","linked":true},"12e455f30de1d15aed0effbbb6f951bf":"","page_structure_type":"default","f474d2f3ad69b4e64f52dac0a3aa2bb2":"","content_style_source":"inherit","content_style":"wide","vertical_spacing_source":"custom","content_area_spacing":"none","background":{"background_type":"color","background_pattern":"type-1","background_image":{"attachment_id":null,"x":0,"y":0},"gradient":"linear-gradient(135deg,rgba(6,147,227,1) 0%,rgb(155,81,224) 100%)","background_repeat":"repeat","background_size":"auto","background_attachment":"scroll","patternColor":{"default":{"color":"#e5e7ea"}},"overlayColor":{"default":{"color":"CT_CSS_SKIP_RULE"}},"backgroundColor":{"default":{"color":"CT_CSS_SKIP_RULE"}}},"content_background":{"background_type":"color","background_pattern":"type-1","background_image":{"attachment_id":null,"x":0,"y":0},"gradient":"linear-gradient(135deg,rgba(6,147,227,1) 0%,rgb(155,81,224) 100%)","background_repeat":"repeat","background_size":"auto","background_attachment":"scroll","patternColor":{"default":{"color":"#e5e7ea"}},"overlayColor":{"default":{"color":"CT_CSS_SKIP_RULE"}},"backgroundColor":{"default":{"color":"var(--theme-palette-color-8)"}}},"content_boxed_shadow":{"inherit":false,"blur":18,"spread":-6,"v_offset":12,"h_offset":0,"inset":false,"enable":true,"color":{"color":"rgba(34, 56, 101, 0.04)"}},"content_boxed_border":{"width":1,"style":"none","color":{"color":"rgba(44,62,80,0.2)"}},"content_boxed_radius":{"top":"3px","bottom":"3px","left":"3px","right":"3px","linked":true},"boxed_content_spacing":{"desktop":{"top":"40px","bottom":"40px","left":"40px","right":"40px","linked":true},"tablet":{"top":"35px","bottom":"35px","left":"35px","right":"35px","linked":true},"mobile":{"top":"20px","bottom":"20px","left":"20px","right":"20px","linked":true}},"fca9f1d1c7aa58a4b21dd78357f6373e":"","disable_featured_image":"no","disable_share_box":"no","disable_header":"no","disable_footer":"no","styles_descriptor":{"styles":{"desktop":"","tablet":"","mobile":""},"google_fonts":[],"version":6}},"_links":{"self":[{"href":"http:\/\/proreitoria.uea.edu.br\/propesp\/index.php\/wp-json\/wp\/v2\/pages\/750","targetHints":{"allow":["GET"]}}],"collection":[{"href":"http:\/\/proreitoria.uea.edu.br\/propesp\/index.php\/wp-json\/wp\/v2\/pages"}],"about":[{"href":"http:\/\/proreitoria.uea.edu.br\/propesp\/index.php\/wp-json\/wp\/v2\/types\/page"}],"author":[{"embeddable":true,"href":"http:\/\/proreitoria.uea.edu.br\/propesp\/index.php\/wp-json\/wp\/v2\/users\/1"}],"replies":[{"embeddable":true,"href":"http:\/\/proreitoria.uea.edu.br\/propesp\/index.php\/wp-json\/wp\/v2\/comments?post=750"}],"version-history":[{"count":20,"href":"http:\/\/proreitoria.uea.edu.br\/propesp\/index.php\/wp-json\/wp\/v2\/pages\/750\/revisions"}],"predecessor-version":[{"id":2455,"href":"http:\/\/proreitoria.uea.edu.br\/propesp\/index.php\/wp-json\/wp\/v2\/pages\/750\/revisions\/2455"}],"wp:attachment":[{"href":"http:\/\/proreitoria.uea.edu.br\/propesp\/index.php\/wp-json\/wp\/v2\/media?parent=750"}],"curies":[{"name":"wp","href":"https:\/\/api.w.org\/{rel}","templated":true}]}}