{"id":726,"date":"2025-05-26T10:43:59","date_gmt":"2025-05-26T13:43:59","guid":{"rendered":"https:\/\/proreitoria.uea.edu.br\/proex\/?page_id=726"},"modified":"2026-02-24T10:25:26","modified_gmt":"2026-02-24T13:25:26","slug":"resolucoes","status":"publish","type":"page","link":"http:\/\/proreitoria.uea.edu.br\/proex\/index.php\/resolucoes\/","title":{"rendered":"Legisla\u00e7\u00f5es"},"content":{"rendered":"\n<div class=\"wp-block-stackable-columns alignfull stk-block-columns stk-block stk-1bc8e8b stk-block-background stk--has-background-overlay\" data-block-id=\"1bc8e8b\"><style>.stk-1bc8e8b .stk--block-align-1bc8e8b{align-items:center !important;}.stk-1bc8e8b {background-color:transparent !important;background-image:url(http:\/\/proreitoria.uea.edu.br\/proex\/wp-content\/uploads\/2025\/11\/bg_pro_ex.png) !important;padding-top:300px !important;padding-bottom:200px !important;margin-bottom:0px !important;}.stk-1bc8e8b:before{opacity:0.5 !important;background-image:linear-gradient(90deg,  0%, rgba(0,0,0,0) 100%) !important;}@media screen and (max-width:999px){.stk-1bc8e8b {background-image:url(http:\/\/proreitoria.uea.edu.br\/proex\/wp-content\/uploads\/2025\/11\/bg_tablet2.png) !important;}}@media screen and (max-width:689px){.stk-1bc8e8b {background-image:url(http:\/\/proreitoria.uea.edu.br\/proex\/wp-content\/uploads\/2025\/11\/bg_celular2.png) !important;}}<\/style><div class=\"stk-row stk-inner-blocks stk--block-align-1bc8e8b stk-block-content stk-content-align stk-1bc8e8b-column\">\n<div class=\"wp-block-stackable-column stk-block-column stk-column stk-block stk-724e1d4\" data-v=\"4\" data-block-id=\"724e1d4\"><div class=\"stk-column-wrapper stk-block-column__content stk-container stk-724e1d4-container stk--no-background stk--no-padding\"><div class=\"stk-block-content stk-inner-blocks stk-724e1d4-inner-blocks\">\n<div class=\"wp-block-stackable-heading stk-block-heading stk-block-heading--v2 stk-block stk-292690f\" id=\"legislacoes\" data-block-id=\"292690f\"><style>.stk-292690f .stk-block-heading__text{color:var(--theme-palette-color-8, #ffffff) !important;}<\/style><h2 class=\"stk-block-heading__text has-text-color has-text-align-center\">Legisla\u00e7\u00f5es<\/h2><\/div>\n<\/div><\/div><\/div>\n<\/div><\/div>\n\n\n\n<div class=\"wp-block-stackable-spacer stk-block-spacer stk--no-padding stk-block stk-5f74bcb\" data-block-id=\"5f74bcb\"><style>.stk-5f74bcb {height:140px !important;}<\/style><\/div>\n\n\n\n<div class=\"wp-block-stackable-heading stk-block-heading stk-block-heading--v2 stk-block stk-9cc15db\" id=\"resolucoes-do-conselho-universitario\" data-block-id=\"9cc15db\"><style>.stk-9cc15db {margin-bottom:45px !important;}.stk-9cc15db .stk-block-heading__text{font-size:30px !important;font-weight:800 !important;}@media screen and (max-width:999px){.stk-9cc15db .stk-block-heading__text{font-size:30px !important;}}<\/style><h2 class=\"stk-block-heading__text has-text-align-left\">Resolu\u00e7\u00f5es do Conselho Universit\u00e1rio<\/h2><\/div>\n\n\n\n<p><strong><a href=\"https:\/\/drive.google.com\/file\/d\/18famIVTlCiy1vv9iu9PrmlZ7zFVSQr_t\/view?usp=drive_link\">Resolu\u00e7\u00e3o n\u00ba 013\/2026-CONSUNIV<\/a><\/strong>, DOE 22\/01\/2026 &#8211; Institui a Pol\u00edtica de Atendimento, Acesso e Perman\u00eancia de Estudantes Ind\u00edgenas da Universidade do Estado do Amazonas.<\/p>\n\n\n\n<div class=\"wp-block-stackable-text stk-block-text stk-block stk-e269c90\" data-block-id=\"e269c90\"><p class=\"stk-block-text__text\"><strong><a href=\"https:\/\/drive.google.com\/file\/d\/19FG-Xs7tx_FPGqrtT-uVoN42AVgTg2UT\/view?usp=sharing\">Resolu\u00e7\u00e3o n\u00ba 049\/2025-CONSUNIV<\/a><\/strong>, DOE 25\/09\/2025 &#8211; Regulamento da disponibilidade de servi\u00e7os p\u00fablicos de natureza de extens\u00e3o no \u00e2mbito da Pol\u00edtica de Extens\u00e3o da Universidade do Estado do Amazonas.<\/p><\/div>\n\n\n\n<div class=\"wp-block-stackable-text stk-block-text stk-block stk-c405bb6\" data-block-id=\"c405bb6\"><p class=\"stk-block-text__text\"><strong><a href=\"https:\/\/drive.google.com\/file\/d\/1V2p24uokGDZw2uJfDs0wlCG8VGi6cRnE\/view?usp=sharing\">Resolu\u00e7\u00e3o n\u00ba 035\/2025-CONSUNIV<\/a><\/strong>, DOE 28\/05\/2025 &#8211; Aprova o Regimento Geral das Casas do Estudante da Universidade do Estado do Amazonas (UEA).<\/p><\/div>\n\n\n\n<p><strong><a href=\"https:\/\/drive.google.com\/file\/d\/1ND-uMNJNEzMclzF-XwHjtxSYQRl3H2uB\/view?usp=sharing\">Resolu\u00e7\u00e3o n\u00ba 070\/2024-CONSUNIV<\/a><\/strong>, DOE 04\/12\/2024 &#8211; Institui o Programa de Apoio \u00e0 Gest\u00e3o Extensionista, Tecnol\u00f3gica e Inovadora (PAGEXTI).<\/p>\n\n\n\n<div class=\"wp-block-stackable-text stk-block-text stk-block stk-3a23101\" data-block-id=\"3a23101\"><p class=\"stk-block-text__text\"><strong><a href=\"https:\/\/xfiles.uea.edu.br\/data\/legislacao\/ato\/p24041.pdf\">Resolu\u00e7\u00e3o n\u00ba 056\/2024-CONSUNIV<\/a><\/strong>, DOE 02\/10\/2024 &#8211; Regulamenta as C\u00e2maras de Planejamento e Administra\u00e7\u00e3o, de Ensino de Gradua\u00e7\u00e3o, de Pesquisa e P\u00f3s-Gradua\u00e7\u00e3o e de Extens\u00e3o e Assuntos Comunit\u00e1rios do Conselho Universit\u00e1rio da Universidade do Estado do Amazonas e estabelece suas respectivas composi\u00e7\u00f5es e compet\u00eancias.<\/p><\/div>\n\n\n\n<div class=\"wp-block-stackable-text stk-block-text stk-block stk-f45e191\" data-block-id=\"f45e191\"><p class=\"stk-block-text__text\"><strong><a href=\"https:\/\/xfiles.uea.edu.br\/data\/legislacao\/ato\/p24025.pdf\">Resolu\u00e7\u00e3o n\u00ba 037\/2024-CONSUNIV<\/a><\/strong>, DOE  06\/06\/2024 &#8211; Institui a Pol\u00edtica de Apoio e Assist\u00eancia Estudantil (PAES) da Universidade do Estado do Amazonas destinado aos estudantes regularmente matriculados e frequentando os cursos de gradua\u00e7\u00e3o e p\u00f3s-gradua\u00e7\u00e3o stricto sensu da Universidade do Estado do Amazonas (UEA).<\/p><\/div>\n\n\n\n<p><strong><a href=\"https:\/\/xfiles.uea.edu.br\/data\/legislacao\/ato\/p23339.pdf\">Resolu\u00e7\u00e3o n\u00ba 020\/2024-CONSUNIV<\/a><\/strong>, DOE 14\/03\/2024 &#8211; Institui o Programa de Tutoria Bil\u00edngue de Surdos da Universidade do Estado do Amazonas.<\/p>\n\n\n\n<div class=\"wp-block-stackable-text stk-block-text stk-block stk-85bacea\" data-block-id=\"85bacea\"><p class=\"stk-block-text__text\"><strong><a href=\"https:\/\/xfiles.uea.edu.br\/data\/legislacao\/ato\/p22517.pdf\">Resolu\u00e7\u00e3o n\u00ba 012\/2024-CONSUNIV<\/a><\/strong>, DOE 25\/01\/2024 &#8211; Institui a Pol\u00edtica Permanente de Sa\u00fade Mental e Aten\u00e7\u00e3o Psicossocial da Universidade do Estado do Amazonas &#8211; UEA.<\/p><\/div>\n\n\n\n<p><strong><a href=\"https:\/\/xfiles.uea.edu.br\/data\/legislacao\/ato\/p19765.pdf\">Resolu\u00e7\u00e3o n\u00ba 017\/2022-CONSUNIV<\/a><\/strong>, DOE 24\/02\/2022 &#8211; Estabelece diretrizes para a atua\u00e7\u00e3o de tradutores e int\u00e9rpretes de Libras da Universidade do Estado do Amazonas.<\/p>\n\n\n\n<div class=\"wp-block-stackable-text stk-block-text stk-block stk-7294c34\" data-block-id=\"7294c34\"><p class=\"stk-block-text__text\"><strong><a href=\"https:\/\/xfiles.uea.edu.br\/data\/legislacao\/ato\/p17525.pdf\">Resolu\u00e7\u00e3o n\u00ba 07\/2021-CONSUNIV<\/a><\/strong>, DOE 26\/02\/2021 &#8211; Aprova as normas que disp\u00f5e sobre o &#8220;Trote Social&#8221; da Universidade do Estado do Amazonas.<\/p><\/div>\n\n\n\n<div class=\"wp-block-stackable-text stk-block-text stk-block stk-4a3d4dd\" data-block-id=\"4a3d4dd\"><p class=\"stk-block-text__text\"><strong><a href=\"https:\/\/xfiles.uea.edu.br\/data\/legislacao\/ato\/p17524.pdf\">Resolu\u00e7\u00e3o n\u00ba 06\/2021-CONSUNIV<\/a><\/strong>, DOE 26\/02\/2021 &#8211; Instituir as Normativas da Pol\u00edtica de Ingresso dos Discentes com Necessidades Educacionais Especiais da Universidade do Estado do Amazonas (UEA). Republicada no DOE 18\/12\/2024, com altera\u00e7\u00e3o do art. 4\u00ba.<\/p><\/div>\n\n\n\n<div class=\"wp-block-stackable-text stk-block-text stk-block stk-adbef20\" data-block-id=\"adbef20\"><p class=\"stk-block-text__text\"><strong><a href=\"https:\/\/xfiles.uea.edu.br\/data\/legislacao\/ato\/p17420.pdf\">Resolu\u00e7\u00e3o n\u00ba 030\/2020-CONSUNIV<\/a><\/strong>, DOE 20\/10\/2020 &#8211; Disp\u00f5e sobre o regime disciplinar dos discentes da Universidade do Estado do Amazonas.<\/p><\/div>\n\n\n\n<p><strong><a href=\"https:\/\/drive.google.com\/file\/d\/1IXzJmgQjfbKH6S1GtX5sXwOCbwy--utZ\/view?usp=sharing\">Resolu\u00e7\u00e3o n\u00ba 029\/2020-CONSUNIV<\/a><\/strong>, DOE 20\/10\/2020 &#8211; Aprova as diretrizes Gerais da Pol\u00edtica de Extens\u00e3o na Universidade do Estado do Amazonas.<\/p>\n\n\n\n<div class=\"wp-block-stackable-text stk-block-text stk-block stk-cda3773\" data-block-id=\"cda3773\"><p class=\"stk-block-text__text\"><strong><a href=\"https:\/\/xfiles.uea.edu.br\/data\/legislacao\/ato\/p17442.pdf\">Resolu\u00e7\u00e3o n\u00ba 019\/2020-CONSUNIV<\/a><\/strong>, DOE 15\/10\/2020 &#8211; Institui a Pol\u00edtica de Sustentabilidade da Universidade do Estado do Amazonas &#8211; UEA.<\/p><\/div>\n\n\n\n<div class=\"wp-block-stackable-text stk-block-text stk-block stk-188bbc5\" data-block-id=\"188bbc5\"><p class=\"stk-block-text__text\"><strong><a href=\"https:\/\/xfiles.uea.edu.br\/data\/legislacao\/ato\/p7192.pdf\">Resolu\u00e7\u00e3o n\u00ba 04\/2015-CONSUNIV<\/a><\/strong>, DOE 09\/01\/2015 &#8211; Disp\u00f5e sobre inclus\u00e3o de nome social de travestis e transexuais no \u00e2mbito da Universidade do Estado do Amazonas.<\/p><\/div>\n\n\n\n<div class=\"wp-block-stackable-text stk-block-text stk-block stk-53b637b\" data-block-id=\"53b637b\"><p class=\"stk-block-text__text\"><strong><a href=\"https:\/\/xfiles.uea.edu.br\/data\/legislacao\/ato\/p6345.pdf\">Resolu\u00e7\u00e3o n\u00ba 010\/2011-CONSUNIV<\/a><\/strong>, DOE 21\/06\/2011 &#8211; Cria o Programa de Inclus\u00e3o e Acessibilidade para Pessoas com Necessidades Especiais da Universidade do Estado do Amazonas (PIAPNE-UEA) &#8211; Bolsa Tutoria.<\/p><\/div>\n\n\n\n<div class=\"wp-block-stackable-text stk-block-text stk-block stk-8634158\" data-block-id=\"8634158\"><style>.stk-8634158 {margin-bottom:50px !important;}<\/style><p class=\"stk-block-text__text\"><strong><a href=\"https:\/\/xfiles.uea.edu.br\/data\/legislacao\/ato\/p6341.pdf\">Resolu\u00e7\u00e3o n\u00ba 03\/2011-CONSUNIV<\/a><\/strong>, DOE 22\/02\/2011 &#8211; Disp\u00f5e sobre a regulamenta\u00e7\u00e3o do Programa de Servi\u00e7o Volunt\u00e1rio na UEA.<\/p><\/div>\n\n\n\n<div class=\"wp-block-stackable-heading stk-block-heading stk-block-heading--v2 stk-block stk-2577499\" id=\"resolucoes-da-camara-de-extensao-e-assuntos-comunitarios\" data-block-id=\"2577499\"><style>.stk-2577499 {margin-bottom:45px !important;}.stk-2577499 .stk-block-heading__text{font-size:30px !important;font-weight:800 !important;}@media screen and (max-width:999px){.stk-2577499 .stk-block-heading__text{font-size:30px !important;}}<\/style><h2 class=\"stk-block-heading__text has-text-align-left\">Resolu\u00e7\u00f5es da C\u00e2mara de Extens\u00e3o e Assuntos Comunit\u00e1rios<\/h2><\/div>\n\n\n\n<div class=\"wp-block-stackable-text stk-block-text stk-block stk-3983a9f\" data-block-id=\"3983a9f\"><p class=\"stk-block-text__text\"><strong><a href=\"https:\/\/drive.google.com\/file\/d\/10O-sMApaGw-1puNGXUMG4NOlfVvRpfKu\/view?usp=drive_link\">Resolu\u00e7\u00e3o n\u00ba 02\/2018-CEAC\/UEA<\/a><\/strong> &#8211; Disp\u00f5e sobre a estrutura e a defini\u00e7\u00e3o das compet\u00eancias das Comiss\u00f5es Locais de Extens\u00e3o e Assuntos Comunit\u00e1rios.<\/p><\/div>\n\n\n\n<div class=\"wp-block-stackable-text stk-block-text stk-block stk-ed63394\" data-block-id=\"ed63394\"><style>.stk-ed63394 {margin-bottom:50px !important;}<\/style><p class=\"stk-block-text__text\"><strong><a href=\"https:\/\/drive.google.com\/file\/d\/1RVOgRdJzS7oSWE1Cxy8jWlbD3OPGvADD\/view?usp=drive_link\">Resolu\u00e7\u00e3o n\u00ba 01\/2018-CEAC\/UEA<\/a><\/strong> &#8211; Aprova o Regimento Interno da C\u00e2mara de Extens\u00e3o e Assuntos Comunit\u00e1rios da Universidade do Estado do Amazonas.<\/p><\/div>\n\n\n\n<div class=\"wp-block-stackable-heading stk-block-heading stk-block-heading--v2 stk-block stk-c989caa\" id=\"boletim-interno\" data-block-id=\"c989caa\"><style>.stk-c989caa {margin-bottom:45px !important;}.stk-c989caa .stk-block-heading__text{font-size:30px !important;font-weight:800 !important;}@media screen and (max-width:999px){.stk-c989caa .stk-block-heading__text{font-size:30px !important;}}<\/style><h2 class=\"stk-block-heading__text has-text-align-left\">Boletim Interno<\/h2><\/div>\n\n\n\n<p><strong><a href=\"https:\/\/drive.google.com\/file\/d\/1B3JsV8bhzXQe-LVaGrATRgjUo9E9Y0Oz\/view?usp=drive_link\">Nota T\u00e9cnica n\u00ba 01\/2025-CGPI-PNE\/UEA<\/a><\/strong>, publicado no <a href=\"https:\/\/xfiles.uea.edu.br\/data\/legislacao\/ato\/p26003.pdf\">Boletim Interno n\u00ba 20\/2025<\/a>, 31\/10\/2025 &#8211; Orienta\u00e7\u00f5es e informa\u00e7\u00f5es gerais sobre a organiza\u00e7\u00e3o e funcionamento do Comit\u00ea Gestor das Pol\u00edticas de Inclus\u00e3o de Pessoas com Necessidades Espec\u00edficas &#8211; CGPI-PNE, N\u00facleo de Inclus\u00e3o de Pessoas com Necessidades Espec\u00edficas &#8211; NIPNE e N\u00facleo de Educa\u00e7\u00e3o Bil\u00edngue para Surdos &#8211; NESB.<\/p>\n\n\n\n<p><\/p>\n\n\n\n<div class=\"wp-block-stackable-heading stk-block-heading stk-block-heading--v2 stk-block stk-0f9eb0b\" id=\"portarias\" data-block-id=\"0f9eb0b\"><style>.stk-0f9eb0b {margin-bottom:45px !important;}.stk-0f9eb0b .stk-block-heading__text{font-size:30px !important;font-weight:800 !important;}@media screen and (max-width:999px){.stk-0f9eb0b .stk-block-heading__text{font-size:30px !important;}}<\/style><h2 class=\"stk-block-heading__text has-text-align-left\">Portarias<\/h2><\/div>\n\n\n\n<div class=\"wp-block-stackable-text stk-block-text stk-block stk-fddda01\" data-block-id=\"fddda01\"><p class=\"stk-block-text__text\"><strong><a href=\"https:\/\/xfiles.uea.edu.br\/data\/legislacao\/ato\/p25832.pdf\">Portaria n\u00ba 1008\/2025-GR\/UEA<\/a><\/strong>, DOE 19\/09\/2025 &#8211; Membros das Comiss\u00f5es Locais de Extens\u00e3o.<\/p><\/div>\n\n\n\n<div class=\"wp-block-stackable-text stk-block-text stk-block stk-be7d224\" data-block-id=\"be7d224\"><p class=\"stk-block-text__text\"><strong><a href=\"https:\/\/drive.google.com\/file\/d\/1yD4JRmCx1UPb75TQpak3QQxhPX5kev34\/view?usp=drive_link\">Portaria n\u00ba 877\/2025-GR\/UEA<\/a><\/strong>, DOE 25\/08\/2025 &#8211; Membros do Comit\u00ea Gestor de Pol\u00edticas Indigenistas da Universidade do Estado do Amazonas (CGPIND\/UEA).<\/p><\/div>\n\n\n\n<div class=\"wp-block-stackable-text stk-block-text stk-block stk-f861b66\" data-block-id=\"f861b66\"><p class=\"stk-block-text__text\"><strong><a href=\"https:\/\/xfiles.uea.edu.br\/data\/legislacao\/ato\/p25327.pdf\">Portaria n\u00ba 580\/2025-GR\/UEA<\/a><\/strong>, DOE 10\/06\/2025 &#8211; Membros reconduzidos, <em>pr\u00f3 tempore<\/em>, da C\u00e2mara de Extens\u00e3o e Assuntos Comunit\u00e1rios &#8211; CEAC do Conselho Universit\u00e1rio da UEA.<\/p><\/div>\n\n\n\n<div class=\"wp-block-stackable-text stk-block-text stk-block stk-a4c6e89\" data-block-id=\"a4c6e89\"><p class=\"stk-block-text__text\"><strong><a href=\"https:\/\/xfiles.uea.edu.br\/data\/legislacao\/ato\/p23520.pdf\">Portaria n\u00ba 628\/2024-GR\/UEA<\/a><\/strong>, DOE 16\/07\/2024 &#8211; Membros do Comit\u00ea Gestor do Teatro Am\u00e9rico Alvarez.<\/p><\/div>\n\n\n\n<div class=\"wp-block-stackable-text stk-block-text stk-block stk-7f61839\" data-block-id=\"7f61839\"><p class=\"stk-block-text__text\"><strong><a href=\"https:\/\/xfiles.uea.edu.br\/data\/legislacao\/ato\/p23221.pdf\">Portaria n\u00ba 466\/2024-GR\/UEA<\/a><\/strong>, DOE 23\/05\/2024 &#8211; Membros do Comit\u00ea Gestor das Pol\u00edticas de Inclus\u00e3o das Pessoas com Necessidades Espec\u00edficas da Universidade do Estado do Amazonas.<\/p><\/div>\n\n\n\n<div class=\"wp-block-stackable-text stk-block-text stk-block stk-18bc107\" data-block-id=\"18bc107\"><p class=\"stk-block-text__text\"><strong><a href=\"https:\/\/xfiles.uea.edu.br\/data\/legislacao\/ato\/p22393.pdf\">Portaria n\u00ba 052\/2024-GR\/UEA<\/a><\/strong>, DOE 26\/01\/2024 &#8211; Membros do Comit\u00ea Gestor de Sa\u00fade Mental e Aten\u00e7\u00e3o Psicossocial da Universidade do Estado do Amazonas.<\/p><\/div>\n\n\n\n<div class=\"wp-block-stackable-spacer stk-block-spacer stk--no-padding stk-block stk-5b53a90\" data-block-id=\"5b53a90\"><style>.stk-5b53a90 {height:140px !important;}<\/style><\/div>\n\n\n\n<p><\/p>\n","protected":false},"excerpt":{"rendered":"<p>Legisla\u00e7\u00f5es Resolu\u00e7\u00f5es do Conselho Universit\u00e1rio Resolu\u00e7\u00e3o n\u00ba 013\/2026-CONSUNIV, DOE 22\/01\/2026 &#8211; Institui a Pol\u00edtica de Atendimento, Acesso e Perman\u00eancia de Estudantes Ind\u00edgenas da Universidade do Estado do Amazonas. Resolu\u00e7\u00e3o n\u00ba 049\/2025-CONSUNIV, DOE 25\/09\/2025 &#8211; Regulamento da disponibilidade de servi\u00e7os p\u00fablicos de natureza de extens\u00e3o no \u00e2mbito da Pol\u00edtica de Extens\u00e3o da Universidade do Estado do [&hellip;]<\/p>\n","protected":false},"author":1,"featured_media":0,"parent":0,"menu_order":0,"comment_status":"closed","ping_status":"closed","template":"","meta":{"footnotes":""},"class_list":["post-726","page","type-page","status-publish","hentry"],"blocksy_meta":[],"_links":{"self":[{"href":"http:\/\/proreitoria.uea.edu.br\/proex\/index.php\/wp-json\/wp\/v2\/pages\/726","targetHints":{"allow":["GET"]}}],"collection":[{"href":"http:\/\/proreitoria.uea.edu.br\/proex\/index.php\/wp-json\/wp\/v2\/pages"}],"about":[{"href":"http:\/\/proreitoria.uea.edu.br\/proex\/index.php\/wp-json\/wp\/v2\/types\/page"}],"author":[{"embeddable":true,"href":"http:\/\/proreitoria.uea.edu.br\/proex\/index.php\/wp-json\/wp\/v2\/users\/1"}],"replies":[{"embeddable":true,"href":"http:\/\/proreitoria.uea.edu.br\/proex\/index.php\/wp-json\/wp\/v2\/comments?post=726"}],"version-history":[{"count":38,"href":"http:\/\/proreitoria.uea.edu.br\/proex\/index.php\/wp-json\/wp\/v2\/pages\/726\/revisions"}],"predecessor-version":[{"id":2250,"href":"http:\/\/proreitoria.uea.edu.br\/proex\/index.php\/wp-json\/wp\/v2\/pages\/726\/revisions\/2250"}],"wp:attachment":[{"href":"http:\/\/proreitoria.uea.edu.br\/proex\/index.php\/wp-json\/wp\/v2\/media?parent=726"}],"curies":[{"name":"wp","href":"https:\/\/api.w.org\/{rel}","templated":true}]}}