{"id":1387,"date":"2025-10-31T10:30:59","date_gmt":"2025-10-31T13:30:59","guid":{"rendered":"http:\/\/proreitoria.uea.edu.br\/proex\/?page_id=1387"},"modified":"2025-11-19T14:57:29","modified_gmt":"2025-11-19T17:57:29","slug":"esporte-e-lazer","status":"publish","type":"page","link":"http:\/\/proreitoria.uea.edu.br\/proex\/index.php\/esporte-e-lazer\/","title":{"rendered":"Esporte e Lazer"},"content":{"rendered":"\n<div class=\"wp-block-stackable-columns alignfull stk-block-columns stk-block stk-e74267b stk-block-background stk--has-background-overlay\" data-block-id=\"e74267b\"><style>.stk-e74267b .stk--block-align-e74267b{align-items:center !important;}.stk-e74267b {background-image:url(http:\/\/proreitoria.uea.edu.br\/proex\/wp-content\/uploads\/2025\/11\/bg_pro_ex.png) !important;padding-top:300px !important;padding-bottom:200px !important;margin-bottom:0px !important;}.stk-e74267b-column{--stk-column-gap:35px !important;row-gap:35px !important;}@media screen and (max-width:999px){.stk-e74267b {background-image:url(http:\/\/proreitoria.uea.edu.br\/proex\/wp-content\/uploads\/2025\/11\/bg_tablet2.png) !important;}}@media screen and (max-width:689px){.stk-e74267b {background-image:url(http:\/\/proreitoria.uea.edu.br\/proex\/wp-content\/uploads\/2025\/11\/bg_celular2.png) !important;}}<\/style><div class=\"stk-row stk-inner-blocks stk--block-align-e74267b stk-block-content stk-content-align stk-e74267b-column\">\n<div class=\"wp-block-stackable-column stk-block-column stk-column stk-block stk-e0cd989\" data-v=\"4\" data-block-id=\"e0cd989\"><div class=\"stk-column-wrapper stk-block-column__content stk-container stk-e0cd989-container stk--no-background stk--no-padding\"><div class=\"stk-block-content stk-inner-blocks stk-e0cd989-inner-blocks\">\n<div class=\"wp-block-stackable-heading stk-block-heading stk-block-heading--v2 stk-block stk-17c23af\" id=\"esporte-e-lazer\" data-block-id=\"17c23af\"><style>.stk-17c23af .stk-block-heading__text{color:var(--theme-palette-color-8, #ffffff) !important;}<\/style><h2 class=\"stk-block-heading__text has-text-color has-text-align-center\">Esporte e Lazer<\/h2><\/div>\n<\/div><\/div><\/div>\n<\/div><\/div>\n\n\n\n<div class=\"wp-block-stackable-spacer stk-block-spacer stk--no-padding stk-block stk-5266ec3\" data-block-id=\"5266ec3\"><style>.stk-5266ec3 {height:140px !important;}<\/style><\/div>\n\n\n\n<div class=\"wp-block-stackable-text stk-block-text stk-block stk-392b2c0\" data-block-id=\"392b2c0\"><p class=\"stk-block-text__text\">O <strong>Esporte e o Lazer<\/strong> na Universidade do Estado do Amazonas (UEA) configuram-se como importantes instrumentos de integra\u00e7\u00e3o, bem-estar e desenvolvimento humano. Por meio de a\u00e7\u00f5es voltadas \u00e0 pr\u00e1tica esportiva e \u00e0 recrea\u00e7\u00e3o, a UEA promove a melhoria da qualidade de vida da comunidade acad\u00eamica, fortalecendo o sentimento de pertencimento institucional e incentivando h\u00e1bitos saud\u00e1veis.<\/p><\/div>\n\n\n\n<p>As atividades esportivas e de lazer s\u00e3o planejadas de forma articulada entre os cursos, n\u00facleos e coordenadorias, com o prop\u00f3sito de estimular a conviv\u00eancia, a socializa\u00e7\u00e3o e o trabalho em equipe, al\u00e9m de contribuir para a forma\u00e7\u00e3o integral dos estudantes. As iniciativas abrangem desde pr\u00e1ticas recreativas e eventos esportivos internos at\u00e9 a participa\u00e7\u00e3o em competi\u00e7\u00f5es universit\u00e1rias estaduais e nacionais, valorizando tanto o esporte de participa\u00e7\u00e3o quanto o de rendimento.<\/p>\n\n\n\n<p>Essas a\u00e7\u00f5es refletem o compromisso da Universidade com a promo\u00e7\u00e3o da sa\u00fade f\u00edsica e mental de seus servidores e discentes, reconhecendo o esporte e o lazer como dimens\u00f5es essenciais da vida universit\u00e1ria e como ferramentas estrat\u00e9gicas para o fortalecimento da comunidade acad\u00eamica.<\/p>\n\n\n\n<div class=\"wp-block-stackable-spacer stk-block-spacer stk--no-padding stk-block stk-7c4b014\" data-block-id=\"7c4b014\"><\/div>\n\n\n\n<details class=\"wp-block-stackable-accordion stk-block-accordion stk-inner-blocks stk-block-content stk-block stk-9260162 stk-block-background is-style-plus\" data-block-id=\"9260162\"><style>.stk-9260162 {background-color:#FFFFFF !important;box-shadow:0 5px 30px -10px #123f524d !important;padding-top:0px !important;padding-right:0px !important;padding-bottom:0px !important;padding-left:0px !important;}.stk-9260162:before{background-color:#FFFFFF !important;}<\/style>\n<summary class=\"wp-block-stackable-column stk-block-column stk-column stk-block stk-ba43245 stk--container-small stk-block-accordion__heading\" data-v=\"4\" data-block-id=\"ba43245\"><style>.stk-ba43245 {padding-top:8px !important;padding-right:32px !important;padding-bottom:8px !important;padding-left:32px !important;}<\/style><div class=\"stk-column-wrapper stk-block-column__content stk-container stk-ba43245-container stk--no-background stk--no-padding\"><div class=\"stk-block-content stk-inner-blocks stk-ba43245-inner-blocks\">\n<div class=\"wp-block-stackable-icon-label stk-block-icon-label stk-block stk-b799125\" data-block-id=\"b799125\"><div class=\"stk-row stk-inner-blocks stk-block-content\">\n<div class=\"wp-block-stackable-icon stk-block-icon stk-block stk-f4915b7\" data-block-id=\"f4915b7\"><span class=\"stk--svg-wrapper stk--has-icon2\"><div class=\"stk--inner-svg\"><svg style=\"height:0;width:0\"><defs><linearGradient id=\"linear-gradient-f4915b7\" x1=\"0\" x2=\"100%\" y1=\"0\" y2=\"0\"><stop offset=\"0%\" style=\"stop-opacity:1;stop-color:var(--linear-gradient-f-4915-b-7-color-1)\"><\/stop><stop offset=\"100%\" style=\"stop-opacity:1;stop-color:var(--linear-gradient-f-4915-b-7-color-2)\"><\/stop><\/linearGradient><\/defs><\/svg><svg data-prefix=\"fas\" data-icon=\"plus\" class=\"svg-inline--fa fa-plus fa-w-14\" xmlns=\"http:\/\/www.w3.org\/2000\/svg\" viewBox=\"0 0 448 512\" aria-hidden=\"true\" width=\"32\" height=\"32\"><path fill=\"currentColor\" d=\"M416 208H272V64c0-17.67-14.33-32-32-32h-32c-17.67 0-32 14.33-32 32v144H32c-17.67 0-32 14.33-32 32v32c0 17.67 14.33 32 32 32h144v144c0 17.67 14.33 32 32 32h32c17.67 0 32-14.33 32-32V304h144c17.67 0 32-14.33 32-32v-32c0-17.67-14.33-32-32-32z\"><\/path><\/svg><\/div><div class=\"stk--inner-svg stk--icon-2\" style=\"display:none\"><svg style=\"height:0;width:0\"><defs><linearGradient id=\"linear-gradient-f4915b7\" x1=\"0\" x2=\"100%\" y1=\"0\" y2=\"0\"><stop offset=\"0%\" style=\"stop-opacity:1;stop-color:var(--linear-gradient-f-4915-b-7-color-1)\"><\/stop><stop offset=\"100%\" style=\"stop-opacity:1;stop-color:var(--linear-gradient-f-4915-b-7-color-2)\"><\/stop><\/linearGradient><\/defs><\/svg><svg data-prefix=\"fas\" data-icon=\"minus\" class=\"svg-inline--fa fa-minus fa-w-14\" xmlns=\"http:\/\/www.w3.org\/2000\/svg\" viewBox=\"0 0 448 512\" aria-hidden=\"true\" width=\"32\" height=\"32\"><path fill=\"currentColor\" d=\"M416 208H32c-17.67 0-32 14.33-32 32v32c0 17.67 14.33 32 32 32h384c17.67 0 32-14.33 32-32v-32c0-17.67-14.33-32-32-32z\"><\/path><\/svg><\/div><\/span><\/div>\n\n\n\n<div class=\"wp-block-stackable-heading stk-block-heading stk-block-heading--v2 stk-block stk-9b3dd8f\" id=\"jogos-universitarios-da-universidade-do-estado-do-amazonas-juni-uea\" data-block-id=\"9b3dd8f\"><style>.stk-9b3dd8f .stk-block-heading__text{font-size:20px !important;font-weight:700 !important;font-family:system-ui, sans-serif !important;}@media screen and (max-width:999px){.stk-9b3dd8f .stk-block-heading__text{font-size:20px !important;}}<\/style><h2 class=\"stk-block-heading__text\">Jogos Universit\u00e1rios da Universidade do Estado do Amazonas &#8211; JUNI-UEA<\/h2><\/div>\n<\/div><\/div>\n<\/div><\/div><\/summary>\n\n\n\n<div class=\"wp-block-stackable-column stk-block-column stk-column stk-block stk-897a2de stk-block-accordion__content\" data-v=\"4\" data-block-id=\"897a2de\"><style>.stk-897a2de-container{padding-top:0px !important;padding-bottom:8px !important;}<\/style><div class=\"stk-column-wrapper stk-block-column__content stk-container stk-897a2de-container stk--no-background stk--no-padding\"><div class=\"stk-block-content stk-inner-blocks stk-897a2de-inner-blocks\">\n<div class=\"wp-block-stackable-text stk-block-text stk-block stk-dd0a645\" data-block-id=\"dd0a645\"><p class=\"stk-block-text__text\">O <strong><a href=\"https:\/\/juni.uea.edu.br\/\" target=\"_blank\" rel=\"noreferrer noopener\">JUNI-UEA<\/a><\/strong> (Jogos Universit\u00e1rios da Universidade do Estado do Amazonas) \u00e9 um evento institucional promovido com o objetivo de integrar a comunidade acad\u00eamica por meio do esporte, fortalecendo o esp\u00edrito de equipe, a coopera\u00e7\u00e3o, o respeito e o sentimento de pertencimento \u00e0 Universidade.<\/p><\/div>\n\n\n\n<p>Realizado anualmente, o JUNI-UEA re\u00fane estudantes de diferentes cursos e unidades acad\u00eamicas em uma grande celebra\u00e7\u00e3o esportiva, que contempla diversas modalidades individuais e coletivas, como futsal, voleibol, handebol, atletismo, xadrez, entre outras. Mais do que uma competi\u00e7\u00e3o, o evento constitui um espa\u00e7o de conviv\u00eancia, interc\u00e2mbio e valoriza\u00e7\u00e3o da pr\u00e1tica esportiva como elemento formativo e de promo\u00e7\u00e3o da sa\u00fade f\u00edsica e mental.<\/p>\n\n\n\n<p>O <strong><a href=\"https:\/\/juni.uea.edu.br\/\" target=\"_blank\" rel=\"noreferrer noopener\">JUNI-UEA<\/a><\/strong> tamb\u00e9m refor\u00e7a o compromisso institucional da Universidade com a forma\u00e7\u00e3o integral dos seus discentes, estimulando o equil\u00edbrio entre o desempenho acad\u00eamico e a viv\u00eancia esportiva. \u00c9, portanto, uma iniciativa que traduz o esp\u00edrito universit\u00e1rio da UEA \u2014 din\u00e2mico, participativo e comprometido com o desenvolvimento humano e social por meio do esporte.<\/p>\n<\/div><\/div><\/div>\n<\/details>\n\n\n\n<div class=\"wp-block-stackable-spacer stk-block-spacer stk--no-padding stk-block stk-86b62eb\" data-block-id=\"86b62eb\"><style>.stk-86b62eb {height:140px !important;}<\/style><\/div>\n","protected":false},"excerpt":{"rendered":"<p>Esporte e Lazer O Esporte e o Lazer na Universidade do Estado do Amazonas (UEA) configuram-se como importantes instrumentos de integra\u00e7\u00e3o, bem-estar e desenvolvimento humano. Por meio de a\u00e7\u00f5es voltadas \u00e0 pr\u00e1tica esportiva e \u00e0 recrea\u00e7\u00e3o, a UEA promove a melhoria da qualidade de vida da comunidade acad\u00eamica, fortalecendo o sentimento de pertencimento institucional e [&hellip;]<\/p>\n","protected":false},"author":2,"featured_media":0,"parent":0,"menu_order":0,"comment_status":"closed","ping_status":"closed","template":"","meta":{"footnotes":""},"class_list":["post-1387","page","type-page","status-publish","hentry"],"blocksy_meta":[],"_links":{"self":[{"href":"http:\/\/proreitoria.uea.edu.br\/proex\/index.php\/wp-json\/wp\/v2\/pages\/1387","targetHints":{"allow":["GET"]}}],"collection":[{"href":"http:\/\/proreitoria.uea.edu.br\/proex\/index.php\/wp-json\/wp\/v2\/pages"}],"about":[{"href":"http:\/\/proreitoria.uea.edu.br\/proex\/index.php\/wp-json\/wp\/v2\/types\/page"}],"author":[{"embeddable":true,"href":"http:\/\/proreitoria.uea.edu.br\/proex\/index.php\/wp-json\/wp\/v2\/users\/2"}],"replies":[{"embeddable":true,"href":"http:\/\/proreitoria.uea.edu.br\/proex\/index.php\/wp-json\/wp\/v2\/comments?post=1387"}],"version-history":[{"count":6,"href":"http:\/\/proreitoria.uea.edu.br\/proex\/index.php\/wp-json\/wp\/v2\/pages\/1387\/revisions"}],"predecessor-version":[{"id":2098,"href":"http:\/\/proreitoria.uea.edu.br\/proex\/index.php\/wp-json\/wp\/v2\/pages\/1387\/revisions\/2098"}],"wp:attachment":[{"href":"http:\/\/proreitoria.uea.edu.br\/proex\/index.php\/wp-json\/wp\/v2\/media?parent=1387"}],"curies":[{"name":"wp","href":"https:\/\/api.w.org\/{rel}","templated":true}]}}